 21*g + 1/4*g**4 + 0. What is the units digit of f(8)?
1
Suppose 4*m = 2*p - 3790, -3*p = 3*m - 54 + 2919. Let h = -171 - m. What is the tens digit of h?
7
Suppose -2*x + 0*x = -i - 1186, -2952 = -5*x - 4*i. Suppose x = 2*k - k + 2*b, 1772 = 3*k + 2*b. What is the hundreds digit of k?
5
Let x(z) = z**3 - 2*z**2 + 7*z + 53. Let v be x(11). Suppose f - 2*f = 4*n - v, 5*n = -f + 1524. What is the hundreds digit of n?
3
Let u = 5806 - 2463. What is the thousands digit of u?
3
Let r be 245*4*(-6)/(-30). What is the tens digit of (366/8)/(147/r)?
6
Let f = 23234 - 15735. What is the tens digit of f?
9
Let w be 20 + -3 + (6 - 4). Suppose 5*i - 6 = 5*v - 1, -5*i + 23 = v. Suppose a - 88 = -v*m - w, 0 = -3*a - 2*m + 221. What is the tens digit of a?
7
Let k(w) = 3*w - 21. Let d be k(7). Suppose 5*l - 5 = -d*l. What is the tens digit of -3 - l - (1 + -83)?
7
Suppose -c + 3*x + 11 = 0, 2*c - x + 6*x = 44. Suppose 7 + c = 2*u. Suppose u*m - 782 - 2026 = 0. What is the units digit of m?
4
What is the ten thousands digit of 1443/111 - (-103126)/2?
5
Let c(x) = 7*x + 21. Let l be c(-13). Let v be (-190)/l + (-4)/(-14). Suppose t = -4*m + 121, -v*t - 3 = -18. What is the units digit of m?
9
Let c(a) = 3*a + 470*a**3 + 2*a - 6*a. Let l be c(1). Suppose 3*y + l = 10*y. What is the units digit of y?
7
Suppose -134*p - 633040 = -214*p. What is the tens digit of p?
1
Suppose -5*c + 12 = -3*w, -3*w + w = -3*c + 7. Let j = -55 + 43. What is the tens digit of (1008/j)/(-1*w)?
8
Suppose 13*q - 9*q = 900. Suppose -5*z = -4*i - 180, -5*z - i = 4*i - q. What is the tens digit of 97 + (26/8 - 10/z)?
0
Let w(p) = p**3 + 8*p**2 + 6*p + 3. Let g be w(-7). Suppose -5*a = -g*a + 2030. Suppose 5*k - l = a, 0 = -5*k - 2*l - 139 + 542. What is the tens digit of k?
8
Let k be (4/(4/191))/((-2)/(-6)). Let o = -62 + k. What is the hundreds digit of o?
5
Let h be 1 + (-1 - (-3 - (1 + -2))). Let o(d) = 3*d**2 + 5 + 3*d**h + d**2 + 4*d**2. What is the hundreds digit of o(3)?
1
Suppose 3253*y - 3263*y + 671200 = 0. What is the thousands digit of y?
7
Suppose -335*t - 11838 = -341*t. Let d = t - 1218. What is the units digit of d?
5
Suppose 5*j - 3*z - 12379 = 0, 9*j + z = 11*j - 4951. What is the units digit of j/3 + (-3)/((-54)/24)?
6
Let o = 140 + -72. Suppose -9*i = -o - 103. Suppose -i - 41 = -2*p. What is the units digit of p?
0
Let i(p) = 9*p**2 + 5*p + 9. Let m be i(-7). Let o be 8/(-10)*(-4 + m/10). What is the units digit of 30/8*2/(-3)*o?
5
Let p(a) = -a**3 + 63*a**2 + 8*a + 403. What is the tens digit of p(63)?
0
Suppose a + 3*i = -7, -4*a + 3*a + 4*i + 21 = 0. Suppose 3*g = -2*v + a*g + 450, 5*v - 2*g = 1116. What is the hundreds digit of v?
2
Suppose -46*l + 85056 = 2*l. Let n = l + -466. What is the tens digit of n?
0
Let g = -67 - -60. Let h be 2/g - (64/(-28) - 1). Suppose -4*w + 2*w + 70 = 4*s, -h*w - s + 110 = 0. What is the units digit of w?
7
Suppose 13*u = 16*u - 264. Suppose -4*y = 5*z - 2223 + u, 5*y - 1717 = -4*z. Let f = z - 176. What is the tens digit of f?
4
Let z be (114/(-4))/((195/(-340))/13). Let x = z - 503. What is the units digit of x?
3
Let j = 51 + 34. Suppose 0 = -3*b + 766 - j. What is the tens digit of b?
2
Let a = 116 - 18. Suppose 104*k - a*k = 102. What is the units digit of k?
7
Suppose 0 = w - q - 3927, -w + 3*q - 1528 = -5459. What is the hundreds digit of w?
9
Let t be (7 + 0)*(180/(-70) - -3). Suppose 1244 = y + t*j - 743, -7934 = -4*y - 5*j. What is the units digit of y?
1
Suppose -28*a = -149*a - 48*a + 2684903. What is the units digit of a?
7
Suppose 11633 - 211666 - 138899 = -11*p. What is the units digit of p?
2
Let c(m) be the first derivative of -m**2/2 - 13. Let y be c(-3). What is the tens digit of (4 + -3)/y*66?
2
What is the hundreds digit of ((-49)/(-196))/(-2 + 494372/247184)?
4
Let i = -3670 + 7064. What is the thousands digit of i?
3
Let b(y) = -y**2 - 7*y + 8. Let f be b(-8). Suppose f = 10*n - 9 - 81. Suppose -87 = n*q - 12*q. What is the tens digit of q?
2
Let h = 1171 - 187. Suppose 4 = z, 3*z - h - 83 = -5*k. Let u = k - 58. What is the tens digit of u?
5
Let a(k) = k**3 + 10*k**2 + 14*k + 16. Let i be a(-9). Let v = i + 14. What is the units digit of (-1101)/v - (-2)/(-5)?
3
Let v be (-2204)/(-32) + (2/16 - 0). Suppose 0 = 71*t - v*t - 6. Suppose 0 = -5*y - t*j + 976, -2*y + 0*j = -j - 386. What is the units digit of y?
4
Let l(a) = a**2 + 2*a - 1. Let g be l(1). Let f = 665 + -666. What is the tens digit of f/g + 336/32?
1
Suppose -6 = 3*g - 2*h, 9 = 303*h - 300*h. Suppose z - 6 = -2*z. Suppose c + 5*j - 97 = 0, z*j - 6 = -g*j. What is the tens digit of c?
8
Let u = -9 - -15. Suppose 2*k - 5*g = 473, -u*k = -5*k - 4*g - 241. Suppose 5*d + 3*h - 530 = 7*h, -2*d + 5*h = -k. What is the hundreds digit of d?
1
Let u(l) = 1853*l**3 + 11*l - 24. What is the thousands digit of u(2)?
4
Let f = 21202 - -88028. Suppose 0 = -29*y - 26*y + f. What is the hundreds digit of y?
9
Suppose 0 = -235*n + 223*n + 22728. What is the thousands digit of n?
1
Suppose -6*a - 83 = -h, 0 = -4*h + 3*a - 167 + 520. What is the tens digit of h?
8
Suppose -36*f - 9442 = -40*f + 2*v, 11813 = 5*f + v. What is the units digit of f?
2
Suppose -11*o - 594243 = -38*o. What is the hundreds digit of o?
0
Let v(x) be the second derivative of 3*x**5/20 - 5*x**4/3 - 4*x**3/3 + 9*x**2/2 - x - 8. What is the hundreds digit of v(9)?
5
Suppose 746 - 1802 = -12*r. Suppose 83*j - r*j = -8895. What is the hundreds digit of j?
7
Let n(g) = -4*g + 14 + 0 + 13*g - g**2 + 3*g. Let l be n(14). Let t(o) = -3*o - 17. What is the units digit of t(l)?
5
Let o be 4*-3*(5802/(-12) + -6). Suppose -o = -8*a - 1250. What is the hundreds digit of a?
5
Let p = -29 - -33. Suppose 0 = -d - 3, p*d = 4*i - 6*i + 66. What is the hundreds digit of 6/(-39) + (-3 - (-5466)/i)?
1
Suppose 3*s - 5*t = 9624, 0 = -624*s + 625*s - 5*t - 3188. What is the units digit of s?
8
Let m = 65818 + -12565. What is the thousands digit of m?
3
Suppose 46*w = -262*w + 13389068. What is the units digit of w?
1
Suppose -448*c - 4*p = -444*c - 868, 2*p = 3*c - 681. What is the tens digit of c?
2
Let a(s) = -5*s**3 - 2*s**2 + 10*s + 1. Let y(h) = -16*h**3 - 5*h**2 + 29*h + 1. Let n(m) = 17*a(m) - 6*y(m). What is the thousands digit of n(5)?
1
Let z = 8 + -3. Suppose 3*d - 8*d - 15 = 2*n, 3*d + 40 = z*n. Suppose 0 = -0*b + 4*b + n*l - 68, 114 = 5*b - l. What is the units digit of b?
2
Suppose 8*y + 20 = 60. Suppose -3*b + 274 = -x, -y*b - 4*x + 453 = -2*x. What is the units digit of b?
1
What is the tens digit of (-6)/8 - (-357)/(-84) - -6402?
9
Let a = -414 + 417. Suppose n - h + a*h - 117 = 0, -4*n + 496 = h. What is the hundreds digit of n?
1
Let x(m) = -m**3 + 68*m**2 + 67*m + 27. Let j be x(31). Suppose 0 = -p - 2*p + 507. What is the hundreds digit of (-2)/(-13) + j/p?
2
Let i = 5210 - 4441. What is the hundreds digit of i?
7
What is the hundreds digit of 12/(-6) + 16873 + 20/20?
8
Suppose -7*v + 63 - 35 = 0. Suppose -v*x + 6036 = -4*d, 0*x + 4*d = 3*x - 4529. What is the tens digit of x?
0
Suppose 15 = 128*r - 123*r. Suppose 3326 = 5*p + 4*d, -r*p - 53 = 5*d - 2059. What is the hundreds digit of p?
6
Let c be 0/((-12)/18*3). Suppose 2*v + q - 587 + 177 = 0, c = v - 2*q - 215. What is the units digit of v?
7
Suppose 0*j = 3*j - 5*l + 12, 2*j - 5*l + 8 = 0. Let q be -3 - (9/(-2) + 2/j). What is the tens digit of (7/2)/(q/44)?
7
Let h(u) = 19*u**3 + 16*u**2 + 20 - 20*u**3 + 16*u + 6*u. Let w be h(17). Let q = w + -43. What is the units digit of q?
2
Let w(o) = -2*o**2 + 35*o - 34. Let l be w(16). Suppose -l*g = -3532 + 536. What is the units digit of g?
4
Suppose -7 = -4*a + 9. Suppose -4*g + 95 + 64 = -5*b, 0 = -a*b + 5*g - 120. What is the tens digit of (-42)/b*((-120)/9)/(-1)?
1
Let t(f) = -f**2 + 13*f - 40. Let p be t(5). Suppose p = 6*k - 5*k - 375. What is the units digit of k?
5
What is the hundreds digit of -3*368742/(-36) + 9/(-6)?
7
Let a(j) = -j**2 + 57*j + 6021. What is the tens digit of a(0)?
2
Suppose 288 = 12*r - 240. Let x = r + -8. Suppose -x*h = -28*h - 1504. What is the units digit of h?
8
Let o(f) = 18*f**3 - 7*f**2 + 23*f - 15. Let s be o(5). Suppose -13*y + 4182 = -s. What is the tens digit of y?
8
Let d(b) be the third derivative of -b**6/40 - b**5/6 - 7*b**4/24 - b**3 + 13*b**2. L